tor of 15269?
False
Does 12 divide 3964?
False
Is 3804 a multiple of 12?
True
Does 15 divide 13043?
False
Does 23 divide 8392?
False
Is 2496 a multiple of 13?
True
Does 15 divide 7605?
True
Is 19 a factor of 1729?
True
Is 34 a factor of 38592?
False
Is 2010 a multiple of 30?
True
Is 16 a factor of 10592?
True
Is 76334 a multiple of 179?
False
Is 40 a factor of 440?
True
Does 4 divide 1058?
False
Is 14 a factor of 9543?
False
Is 15 a factor of 22?
False
Does 17 divide 1853?
True
Does 6 divide 87?
False
Does 26 divide 598?
True
Is 3 a factor of 268?
False
Is 5914 a multiple of 3?
False
Is 17 a factor of 66011?
True
Does 10 divide 10410?
True
Does 56 divide 14177?
False
Does 25 divide 950?
True
Does 17 divide 461?
False
Does 17 divide 646?
True
Does 45 divide 416?
False
Is 156 a multiple of 12?
True
Does 51 divide 2805?
True
Does 29 divide 6148?
True
Is 20 a multiple of 5?
True
Does 16 divide 42400?
True
Does 75 divide 3900?
True
Is 70 a factor of 1890?
True
Is 52 a factor of 117?
False
Does 48 divide 10656?
True
Is 43 a factor of 774?
True
Is 111 a factor of 1998?
True
Is 13 a factor of 4511?
True
Does 27 divide 674?
False
Is 729 a multiple of 4?
False
Does 28 divide 756?
True
Is 27 a factor of 657?
False
Is 50 a factor of 100?
True
Does 39 divide 1560?
True
Is 23 a factor of 1150?
True
Is 1168 a multiple of 8?
True
Is 660 a multiple of 30?
True
Is 8489 a multiple of 153?
False
Is 16 a factor of 6861?
False
Does 3 divide 122?
False
Is 8816 a multiple of 76?
True
Is 3419 a multiple of 21?
False
Is 14 a factor of 1108?
False
Is 18 a factor of 6444?
True
Does 8 divide 12504?
True
Does 14 divide 244?
False
Is 57 a factor of 1938?
True
Is 23 a factor of 3772?
True
Is 5205 a multiple of 7?
False
Is 1937 a multiple of 49?
False
Is 33 a factor of 30932?
False
Does 10 divide 989?
False
Is 5 a factor of 2145?
True
Is 12816 a multiple of 165?
False
Is 2512 a multiple of 16?
True
Is 14 a factor of 5628?
True
Does 6 divide 121?
False
Does 9 divide 172?
False
Does 16 divide 7863?
False
Does 11 divide 1628?
True
Is 3631 a multiple of 122?
False
Is 5963 a multiple of 49?
False
Is 6 a factor of 294?
True
Is 4000 a multiple of 40?
True
Does 27 divide 24997?
False
Does 104 divide 522?
False
Is 12247 a multiple of 37?
True
Is 49 a factor of 74103?
False
Does 14 divide 924?
True
Is 11 a factor of 43428?
True
Does 4 divide 36?
True
Is 26 a factor of 260?
True
Is 11 a factor of 53465?
False
Is 7686 a multiple of 7?
True
Is 795 a multiple of 15?
True
Is 3060 a multiple of 85?
True
Is 12 a factor of 756?
True
Is 46 a factor of 2024?
True
Is 11914 a multiple of 14?
True
Is 118 a factor of 35268?
False
Does 43 divide 310?
False
Does 22 divide 5318?
False
Does 27 divide 7128?
True
Is 2448 a multiple of 24?
True
Is 653 a multiple of 11?
False
Does 9 divide 2277?
True
Does 21 divide 32911?
False
Is 1351 a multiple of 14?
False
Is 71866 a multiple of 213?
False
Is 5419 a multiple of 155?
False
Does 19 divide 5891?
False
Is 409 a multiple of 20?
False
Is 56999 a multiple of 17?
False
Is 36 a multiple of 2?
True
Is 79 a factor of 1264?
True
Is 35 a factor of 1470?
True
Is 975 a multiple of 20?
False
Is 12 a factor of 27606?
False
Does 173 divide 62905?
False
Does 3 divide 589?
False
Is 18 a factor of 13788?
True
Does 11 divide 10385?
False
Is 21 a factor of 36056?
False
Is 696 a multiple of 24?
True
Is 7728 a multiple of 54?
False
Is 180 a multiple of 18?
True
Is 351 a multiple of 2?
False
Is 24522 a multiple of 48?
False
Is 39820 a multiple of 5?
True
Is 8 a factor of 8792?
True
Is 527 a multiple of 31?
True
Does 6 divide 4507?
False
Is 10 a factor of 1573?
False
Is 167 a multiple of 45?
False
Is 34 a factor of 118?
False
Is 259 a factor of 36260?
True
Is 43120 a multiple of 140?
True
Is 73 a factor of 58434?
False
Is 41 a factor of 1249?
False
Is 17 a factor of 3332?
True
Does 296 divide 33152?
True
Is 211 a multiple of 8?
False
Is 380 a factor of 27360?
True
Is 15 a factor of 435?
True
Is 2197 a multiple of 12?
False
Is 11576 a multiple of 8?
True
Is 490 a multiple of 21?
False
Does 242 divide 25894?
True
Is 6189 a multiple of 7?
False
Does 17 divide 34?
True
Is 2219 a multiple of 22?
False
Is 40 a factor of 886?
False
Is 30 a factor of 66257?
False
Does 2 divide 254?
True
Is 135814 a multiple of 178?
True
Is 611 a multiple of 5?
False
Does 54 divide 47080?
False
Does 5 divide 180?
True
Does 26 divide 13572?
True
Is 5016 a multiple of 76?
True
Is 46 a factor of 10588?
False
Does 8 divide 5846?
False
Is 8 a factor of 320?
True
Does 12 divide 612?
True
Is 22 a factor of 43?
False
Is 48409 a multiple of 244?
False
Does 6 divide 2914?
False
Does 5 divide 700?
True
Is 4161 a multiple of 73?
True
Is 646 a multiple of 17?
True
Is 10 a factor of 205?
False
Does 107 divide 7340?
False
Does 29 divide 261?
True
Is 3186 a multiple of 27?
True
Is 6028 a multiple of 137?
True
Is 637 a multiple of 91?
True
Is 154 a factor of 7353?
False
Is 25 a factor of 509?
False
Is 36 a factor of 432?
True
Is 130 a factor of 9360?
True
Does 57 divide 5472?
True
Is 274 a multiple of 3?
False
Is 10044 a multiple of 62?
True
Is 3134 a multiple of 68?
False
Is 38 a factor of 65246?
True
Is 79032 a multiple of 178?
True
Does 5 divide 373?
False
Is 276 a multiple of 12?
True
Is 15 a factor of 68923?
False
Is 12000 a multiple of 12?
True
Is 63050 a multiple of 50?
True
Is 510 a multiple of 102?
True
Does 2 divide 5176?
True
Does 21 divide 1239?
True
Does 14 divide 11660?
False
Does 115 divide 115?
True
Is 11 a factor of 1310?
False
Is 16978 a multiple of 13?
True
Does 9 divide 8768?
False
Does 49 divide 1323?
True
Does 14 divide 5124?
True
Does 11 divide 1032?
False
Is 44968 a multiple of 11?
True
Is 2478 a multiple of 3?
True
Is 59204 a multiple of 14?
False
Is 699 a multiple of 8?
False
Does 10 divide 18050?
True
Is 159 a multiple of 22?
False
Does 8 divide 224?
True
Is 1187 a multiple of 18?
False
Does 10 divide 2030?
True
Is 78 a factor of 4758?
True
Is 29 a factor of 1972?
True
Is 7565 a multiple of 18?
False
Does 68 divide 1088?
True
Does 24 divide 7344?
True
Is 29 a factor of 10063?
True
Is 9 a factor of 3953?
False
Does 131 divide 13407?
False
Does 48 divide 74022?
False
Is 7072 a multiple of 26?
True
Is 30 a factor of 390?
True
Is 25844 a multiple of 91?
True
Is 15 a factor of 984?
False
Is 602 a multiple of 86?
True
Is 41 a factor of 574?
True
Is 57 a factor of 972?
False
Does 186 divide 37615?
False
Is 4662 a multiple of 21?
True
Does 15 divide 119?
False
Is 11 a factor of 12261?
False
Is 270 a multiple of 18?
True
Is 532 a multiple of 12?
False
Is 62 a factor of 1567?
False
Is 3492 a multiple of 13?
False
Is 12 a factor of 18842?
False
Is 5096 a multiple of 7?
True
Is 647 a multiple of 12?
False
Is 56 a factor of 2407?
False
Is 111 a multiple of 10?
False
Is 1501 even?
False
Is 73 a factor of 2383?
False
Is 137 a factor of 47005?
False
Does 13 divide 46631?
True
Is 9 a factor of 242?
False
Does 237 divide 3555?
True
Does 21 divide 8575?
False
Is 13 a factor of 494?
True
Is 1661 a multiple of 83?
False
Is 532 a multiple of 7?
True
Is 13 a factor of 685?
False
Is 22951 a multiple of 8?
False
Does 93 divide 11553?
False
Is 14 a factor of 571?
False
Does 24 divide 3521?
False
Is 138 a multiple of 8?
False
Does 67 divide 5833?
False
Is 78 a factor of 5139?
False
Does 103 divide 54538?
False
Does 4 divide 9748?
True
Does 21 divide 4200?
True
Does 17 divide 2136?
False
Does 33 divide 622?
False
Does 60 divide 1150?
False
Does 198 divide 2376?
True
Does 17 divide 26477?
False
Is 6322 a multiple of 95?
False
Is 12 a factor of 6660?
True
Is 18221 a multiple of 137?
True
Does 14 divide 2646?
True
Is 3391 a multiple of 25?
False
Does 33 divide 1056?
True
Is 21 a factor of 33?
False
Does 4 divide 1672?
True
Is 83 a factor of 2158?
True
Does 5 divide 390?
True
Is 12 a factor of 15168?
True
Is 36 a factor of 252?
True
Is 6794 a multiple of 86?
True
Does 23 divide 5869?
False
Is 8262 a multiple of 51?
True
Is 585 a multiple of 13?
True
Does 40 divide 325?
False
Is 8 a factor of 261?
False
Is 13 a factor of 15626?
True
Is 198 a multiple of 17?
False
Is 2980 a multiple of 45?
False
Does 189 divide 9261?
True
Is 21 a factor of 1605?
False
Is 945 a multiple of 12?
False
Is 392 a multiple of 2?
True
Does 7 divide 